s of 21367.
23, 929
What are the prime factors of 229185?
3, 5, 11, 463
What are the prime factors of 2685052?
2, 29, 79, 293
What are the prime factors of 4035053?
11, 31, 11833
List the prime factors of 28367359.
97, 109, 2683
List the prime factors of 862697.
11, 78427
What are the prime factors of 489613?
489613
List the prime factors of 230770.
2, 5, 47, 491
What are the prime factors of 374700?
2, 3, 5, 1249
List the prime factors of 7938987.
3, 7, 257, 1471
List the prime factors of 181908.
2, 3, 31, 163
List the prime factors of 99515.
5, 13, 1531
What are the prime factors of 555267?
3, 185089
What are the prime factors of 1707746?
2, 853873
List the prime factors of 313015.
5, 62603
What are the prime factors of 42284164?
2, 13, 813157
What are the prime factors of 196894?
2, 17, 5791
What are the prime factors of 1020375?
3, 5, 907
List the prime factors of 641256.
2, 3, 7, 11, 347
List the prime factors of 437550.
2, 3, 5, 2917
What are the prime factors of 6349559?
47, 53, 2549
What are the prime factors of 1391224?
2, 23, 7561
List the prime factors of 198212.
2, 7, 7079
List the prime factors of 4679224.
2, 11, 53173
List the prime factors of 21983.
13, 19, 89
List the prime factors of 1267516.
2, 316879
List the prime factors of 695750.
2, 5, 11, 23
List the prime factors of 17291.
17291
What are the prime factors of 767064?
2, 3, 31, 1031
What are the prime factors of 5146742?
2, 701, 3671
List the prime factors of 7692469.
7692469
What are the prime factors of 26014356?
2, 3, 173, 4177
List the prime factors of 545821.
73, 7477
List the prime factors of 131713.
131713
What are the prime factors of 15947439?
3, 641, 8293
What are the prime factors of 611228?
2, 41, 3727
List the prime factors of 10685898.
2, 3, 197887
What are the prime factors of 33422825?
5, 43, 31091
What are the prime factors of 9052686?
2, 3, 137, 3671
What are the prime factors of 4814656?
2, 7, 11, 977
What are the prime factors of 6407028?
2, 3, 17, 19, 29
What are the prime factors of 515166?
2, 3, 19, 4519
List the prime factors of 15391079.
11, 311, 409
What are the prime factors of 326577?
3, 23, 4733
What are the prime factors of 91302?
2, 3, 15217
What are the prime factors of 1014719?
1014719
List the prime factors of 2654484.
2, 3, 7, 31601
List the prime factors of 419491.
419491
List the prime factors of 73363.
73363
List the prime factors of 2232803.
967, 2309
List the prime factors of 4224676.
2, 1056169
List the prime factors of 21240554.
2, 1151, 9227
What are the prime factors of 399931?
7, 19, 31, 97
List the prime factors of 190197.
3, 7, 3019
What are the prime factors of 2597293?
761, 3413
List the prime factors of 1350059.
1350059
What are the prime factors of 639353?
11, 13, 17, 263
What are the prime factors of 2677586?
2, 1338793
List the prime factors of 35405475.
3, 5, 7, 17, 3967
What are the prime factors of 2911829?
2911829
List the prime factors of 5904477.
3, 31, 21163
List the prime factors of 664101.
3, 113, 653
List the prime factors of 7264704.
2, 3, 157, 241
What are the prime factors of 1732489?
11, 29, 5431
List the prime factors of 10357941.
3, 11, 281, 1117
List the prime factors of 609071.
609071
List the prime factors of 185632.
2, 5801
What are the prime factors of 12153039?
3, 23, 89, 1979
List the prime factors of 740361.
3, 246787
List the prime factors of 588422.
2, 294211
What are the prime factors of 488992?
2, 7, 37, 59
What are the prime factors of 962543?
962543
List the prime factors of 134011.
17, 7883
List the prime factors of 367127.
367127
What are the prime factors of 453440?
2, 5, 13, 109
List the prime factors of 943674.
2, 3, 157279
List the prime factors of 11178210.
2, 3, 5, 372607
What are the prime factors of 3000607?
3000607
List the prime factors of 983182.
2, 491591
What are the prime factors of 149379?
3, 17, 29, 101
What are the prime factors of 248942?
2, 124471
What are the prime factors of 16338057?
3, 61, 73, 1223
List the prime factors of 311272.
2, 13, 41, 73
What are the prime factors of 21375184?
2, 1335949
List the prime factors of 336114.
2, 3, 71, 263
List the prime factors of 213378.
2, 3, 11, 53, 61
What are the prime factors of 4170851?
4170851
List the prime factors of 970030.
2, 5, 97003
What are the prime factors of 2790979?
2790979
List the prime factors of 154329.
3, 7, 7349
List the prime factors of 2138707.
67, 137, 233
List the prime factors of 9387194.
2, 71, 66107
List the prime factors of 829368.
2, 3, 11519
List the prime factors of 5211963.
3, 579107
What are the prime factors of 1042679?
11, 94789
List the prime factors of 8786328.
2, 3, 366097
What are the prime factors of 6243533?
19, 61, 5387
What are the prime factors of 177363?
3, 6569
List the prime factors of 100143.
3, 3709
What are the prime factors of 14917620?
2, 3, 5, 248627
List the prime factors of 122032.
2, 29, 263
List the prime factors of 277428.
2, 3, 61, 379
List the prime factors of 1425144.
2, 3, 7, 17, 499
What are the prime factors of 22131096?
2, 3, 13, 89, 797
List the prime factors of 2004906.
2, 3, 389, 859
List the prime factors of 502080.
2, 3, 5, 523
What are the prime factors of 5794908?
2, 3, 7, 149, 463
List the prime factors of 783870.
2, 3, 5, 17, 29, 53
List the prime factors of 1534947.
3, 17, 30097
What are the prime factors of 833959?
7, 109, 1093
What are the prime factors of 6971315?
5, 13, 107251
List the prime factors of 861532.
2, 7, 29, 1061
What are the prime factors of 1128894?
2, 3, 13, 41, 353
What are the prime factors of 99845?
5, 19, 1051
What are the prime factors of 367090?
2, 5, 36709
What are the prime factors of 5362532?
2, 7, 191519
What are the prime factors of 300894?
2, 3, 11, 47, 97
What are the prime factors of 399908?
2, 17, 5881
What are the prime factors of 1615801?
11, 146891
What are the prime factors of 541257?
3, 180419
What are the prime factors of 3883159?
7, 23, 89, 271
What are the prime factors of 208887?
3, 7, 29
What are the prime factors of 3743558?
2, 7, 13, 67, 307
What are the prime factors of 273932?
2, 68483
List the prime factors of 415762.
2, 47, 4423
What are the prime factors of 1347582?
2, 3, 79, 2843
What are the prime factors of 18210187?
743, 24509
List the prime factors of 21611.
21611
List the prime factors of 242276.
2, 37, 1637
What are the prime factors of 18729951?
3, 6243317
List the prime factors of 2992790.
2, 5, 107, 2797
List the prime factors of 571114.
2, 285557
List the prime factors of 451217.
13, 61, 569
What are the prime factors of 322643?
17, 18979
List the prime factors of 22445496.
2, 3, 311743
What are the prime factors of 1307558?
2, 7, 59, 1583
List the prime factors of 4379250.
2, 3, 5, 5839
What are the prime factors of 2221279?
409, 5431
List the prime factors of 23975749.
7, 67, 109
What are the prime factors of 3684369?
3, 13, 43
List the prime factors of 441993.
3, 147331
List the prime factors of 962574.
2, 3, 17, 9437
List the prime factors of 569583.
3, 7, 9041
List the prime factors of 110338.
2, 43, 1283
List the prime factors of 14206002.
2, 3, 37, 89, 719
List the prime factors of 3464613.
3, 42773
What are the prime factors of 536521?
23, 23327
What are the prime factors of 10136?
2, 7, 181
What are the prime factors of 2635012?
2, 658753
List the prime factors of 278016.
2, 3, 181
What are the prime factors of 284443?
61, 4663
What are the prime factors of 12687915?
3, 5, 19, 44519
List the prime factors of 29477836.
2, 47, 156797
List the prime factors of 6825268.
2, 1706317
List the prime factors of 2478809.
2478809
List the prime factors of 7463.
17, 439
List the prime factors of 101199.
3, 7, 61, 79
List the prime factors of 533057.
7, 271, 281
What are the prime factors of 5738354?
2, 1567, 1831
List the prime factors of 4342327.
11, 17, 2111
What are the prime factors of 11567945?
5, 41, 73, 773
What are the prime factors of 966990?
2, 3, 5, 32233
List the prime factors of 8003952.
2, 3, 11, 31, 163
List the prime factors of 320746.
2, 160373
What are the prime factors of 2812692?
2, 3, 31, 7561
What are the prime factors of 3891882?
2, 3, 37, 47, 373
What are the prime factors of 787127?
11, 163, 439
What are the prime factors of 508672?
2, 1987
List the prime factor